{"id":1694,"date":"2025-08-31T06:29:18","date_gmt":"2025-08-31T05:29:18","guid":{"rendered":"https:\/\/ayooinformatique.com\/?post_type=product&#038;p=1694"},"modified":"2026-02-17T13:55:32","modified_gmt":"2026-02-17T12:55:32","slug":"dell-3420-i5-11th-generation-copie","status":"publish","type":"product","link":"https:\/\/ayooinformatique.com\/index.php\/product\/dell-3420-i5-11th-generation-copie\/","title":{"rendered":"Dell 3420 i5 11th G\u00e9n\u00e9ration"},"content":{"rendered":"","protected":false},"excerpt":{"rendered":"<ul>\n<li>\n<p data-start=\"98\" data-end=\"513\"><strong data-start=\"101\" data-end=\"130\">PC Portable Professionnel<\/strong> \u2013 Fin &amp; Rapide<br data-start=\"145\" data-end=\"148\" \/>\u26a1 <strong data-start=\"150\" data-end=\"164\">Processeur<\/strong> : Intel Core i5 \u2013 11\u1d49 G\u00e9n\u00e9ration<br data-start=\"197\" data-end=\"200\" \/>\ud83d\udcbe <strong data-start=\"203\" data-end=\"214\">M\u00e9moire<\/strong> : 8GB RAM DDR4 \u2013 3200Mhz<br data-start=\"239\" data-end=\"242\" \/>\ud83d\udcc0 <strong data-start=\"245\" data-end=\"257\">Stockage<\/strong> : 256GB SSD NVMe \u2013 Ultra rapide<br data-start=\"289\" data-end=\"292\" \/>\ud83d\udda5\ufe0f <strong data-start=\"296\" data-end=\"305\">\u00c9cran<\/strong> : 14\u201d Full HD IPS \u2013 Qualit\u00e9 d\u2019image claire &amp; nette<br data-start=\"356\" data-end=\"359\" \/>\u2328\ufe0f <strong data-start=\"362\" data-end=\"373\">Clavier<\/strong> : Lumineux (Backlight) \u2013 confort de frappe<br data-start=\"416\" data-end=\"419\" \/>\ud83d\udd0c <strong data-start=\"422\" data-end=\"431\">Ports<\/strong> : USB \/ Type-C \/ Ethernet \/ HDMI \/ Chargeur<br data-start=\"475\" data-end=\"478\" \/>\ud83d\udd0b <strong data-start=\"481\" data-end=\"493\">Chargeur<\/strong> : Original fourni<\/p>\n<p data-start=\"515\" data-end=\"623\">\u2705 Ordinateur puissant, id\u00e9al pour \u00e9tudes, bureautique &amp; travail professionnel<br data-start=\"592\" data-end=\"595\" \/>\u2705 L\u00e9ger, \u00e9l\u00e9gant et fiable<\/p>\n<p data-start=\"625\" data-end=\"726\">\ud83d\udee1\ufe0f <strong data-start=\"629\" data-end=\"660\">Garantie de Test : 30 Jours<\/strong><br data-start=\"660\" data-end=\"663\" \/>\ud83d\ude9a <strong data-start=\"666\" data-end=\"698\">Livraison Gratuite au Bureau<\/strong><\/p>\n<\/li>\n<li style=\"text-align: left;\"><\/li>\n<\/ul>\n","protected":false},"featured_media":1227,"template":"","meta":[],"product_brand":[],"product_cat":[24],"product_tag":[],"class_list":{"0":"post-1694","1":"product","2":"type-product","3":"status-publish","4":"has-post-thumbnail","6":"product_cat-pc-portable","8":"first","9":"outofstock","10":"sale","11":"shipping-taxable","12":"purchasable","13":"product-type-simple"},"_links":{"self":[{"href":"https:\/\/ayooinformatique.com\/index.php\/wp-json\/wp\/v2\/product\/1694","targetHints":{"allow":["GET"]}}],"collection":[{"href":"https:\/\/ayooinformatique.com\/index.php\/wp-json\/wp\/v2\/product"}],"about":[{"href":"https:\/\/ayooinformatique.com\/index.php\/wp-json\/wp\/v2\/types\/product"}],"wp:featuredmedia":[{"embeddable":true,"href":"https:\/\/ayooinformatique.com\/index.php\/wp-json\/wp\/v2\/media\/1227"}],"wp:attachment":[{"href":"https:\/\/ayooinformatique.com\/index.php\/wp-json\/wp\/v2\/media?parent=1694"}],"wp:term":[{"taxonomy":"product_brand","embeddable":true,"href":"https:\/\/ayooinformatique.com\/index.php\/wp-json\/wp\/v2\/product_brand?post=1694"},{"taxonomy":"product_cat","embeddable":true,"href":"https:\/\/ayooinformatique.com\/index.php\/wp-json\/wp\/v2\/product_cat?post=1694"},{"taxonomy":"product_tag","embeddable":true,"href":"https:\/\/ayooinformatique.com\/index.php\/wp-json\/wp\/v2\/product_tag?post=1694"}],"curies":[{"name":"wp","href":"https:\/\/api.w.org\/{rel}","templated":true}]}}