{"id":1734,"date":"2025-09-06T08:24:00","date_gmt":"2025-09-06T07:24:00","guid":{"rendered":"https:\/\/ayooinformatique.com\/?post_type=product&#038;p=1734"},"modified":"2025-09-06T08:27:26","modified_gmt":"2025-09-06T07:27:26","slug":"cm27fvh-b-moniteur-condor-fhd-27-v2-100hz","status":"publish","type":"product","link":"https:\/\/ayooinformatique.com\/index.php\/product\/cm27fvh-b-moniteur-condor-fhd-27-v2-100hz\/","title":{"rendered":"CM27FVH-B MONITEUR CONDOR FHD 27&Prime;\u00a0V2\u00a0100Hz"},"content":{"rendered":"","protected":false},"excerpt":{"rendered":"<ul>\n<li>CM27FVH, \u00e9cran de 27 pouces avec r\u00e9solution 1920\u00d71080 (Full HD)<span class=\"Apple-converted-space\">\u00a0 <\/span>.<\/li>\n<li>Connectivit\u00e9 : HDMI, VGA<\/li>\n<\/ul>\n","protected":false},"featured_media":1735,"template":"","meta":[],"product_brand":[],"product_cat":[15],"product_tag":[],"class_list":{"0":"post-1734","1":"product","2":"type-product","3":"status-publish","4":"has-post-thumbnail","6":"product_cat-uncategorized","8":"first","9":"instock","10":"sale","11":"shipping-taxable","12":"purchasable","13":"product-type-simple"},"_links":{"self":[{"href":"https:\/\/ayooinformatique.com\/index.php\/wp-json\/wp\/v2\/product\/1734","targetHints":{"allow":["GET"]}}],"collection":[{"href":"https:\/\/ayooinformatique.com\/index.php\/wp-json\/wp\/v2\/product"}],"about":[{"href":"https:\/\/ayooinformatique.com\/index.php\/wp-json\/wp\/v2\/types\/product"}],"wp:featuredmedia":[{"embeddable":true,"href":"https:\/\/ayooinformatique.com\/index.php\/wp-json\/wp\/v2\/media\/1735"}],"wp:attachment":[{"href":"https:\/\/ayooinformatique.com\/index.php\/wp-json\/wp\/v2\/media?parent=1734"}],"wp:term":[{"taxonomy":"product_brand","embeddable":true,"href":"https:\/\/ayooinformatique.com\/index.php\/wp-json\/wp\/v2\/product_brand?post=1734"},{"taxonomy":"product_cat","embeddable":true,"href":"https:\/\/ayooinformatique.com\/index.php\/wp-json\/wp\/v2\/product_cat?post=1734"},{"taxonomy":"product_tag","embeddable":true,"href":"https:\/\/ayooinformatique.com\/index.php\/wp-json\/wp\/v2\/product_tag?post=1734"}],"curies":[{"name":"wp","href":"https:\/\/api.w.org\/{rel}","templated":true}]}}