{"id":1838,"date":"2025-11-08T07:15:52","date_gmt":"2025-11-08T06:15:52","guid":{"rendered":"https:\/\/ayooinformatique.com\/?post_type=product&#038;p=1838"},"modified":"2026-02-17T13:02:33","modified_gmt":"2026-02-17T12:02:33","slug":"stream-laptop-lexus-ns14c-i5-12-8gb-ram-512ssd","status":"publish","type":"product","link":"https:\/\/ayooinformatique.com\/index.php\/product\/stream-laptop-lexus-ns14c-i5-12-8gb-ram-512ssd\/","title":{"rendered":"Stream Laptop Lexus NS14C i5 12 8GB RAM 512SSD"},"content":{"rendered":"","protected":false},"excerpt":{"rendered":"<p data-start=\"0\" data-end=\"130\">\ud83d\udd25\ud83c\udde9\ud83c\uddff <strong data-start=\"7\" data-end=\"55\">Le nouveau venu tant attendu sur le march\u00e9 !<\/strong><br data-start=\"55\" data-end=\"58\" \/>\ud83d\udcaa <strong data-start=\"61\" data-end=\"121\">Soutenons le produit de notre pays \u2014 STREAM LEXUS LAPTOP<\/strong> \ud83c\udde9\ud83c\uddff\ud83d\udcbb<\/p>\n<hr data-start=\"132\" data-end=\"135\" \/>\n<p data-start=\"137\" data-end=\"681\">\u2699\ufe0f <strong data-start=\"140\" data-end=\"173\">Caract\u00e9ristiques techniques :<\/strong><br data-start=\"173\" data-end=\"176\" \/>\ud83d\udd39 <strong data-start=\"179\" data-end=\"193\">Processeur<\/strong> : Intel Core i5 \u2013 12\u1d49 G\u00e9n\u00e9ration, jusqu\u2019\u00e0 <strong data-start=\"236\" data-end=\"246\">4.4GHz<\/strong> \ud83d\ude80<br data-start=\"249\" data-end=\"252\" \/>\ud83d\udd39 <strong data-start=\"255\" data-end=\"277\">M\u00e9moire vive (RAM)<\/strong> : 8GB DDR4 \u2013 extensible jusqu\u2019\u00e0 <strong data-start=\"310\" data-end=\"318\">64GB<\/strong><br data-start=\"318\" data-end=\"321\" \/>\ud83d\udd39 <strong data-start=\"324\" data-end=\"336\">Stockage<\/strong> : 512GB SSD SATA III M.2 2280 \u2013 rapidit\u00e9 et fiabilit\u00e9 \u26a1<br data-start=\"392\" data-end=\"395\" \/>\ud83d\udd39 <strong data-start=\"398\" data-end=\"407\">\u00c9cran<\/strong> : 14\u201d <strong data-start=\"416\" data-end=\"443\">Full HD IPS (1920\u00d71080)<\/strong> \u2013 couleurs pr\u00e9cises &amp; confort visuel \ud83c\udfa8<br data-start=\"483\" data-end=\"486\" \/>\ud83d\udd39 <strong data-start=\"489\" data-end=\"500\">Clavier<\/strong> : R\u00e9tro\u00e9clair\u00e9 \ud83d\udca1 \u2013 id\u00e9al pour le travail de nuit<br data-start=\"550\" data-end=\"553\" \/>\ud83d\udd39 <strong data-start=\"556\" data-end=\"566\">R\u00e9seau<\/strong> : RJ45 (Gigabit 1000M) + WiFi 6 + Bluetooth 5.2 \ud83c\udf10<br data-start=\"617\" data-end=\"620\" \/>\ud83d\udd39 <strong data-start=\"623\" data-end=\"634\">Syst\u00e8me<\/strong> : Windows 11 Original + <strong data-start=\"659\" data-end=\"676\">Office activ\u00e9<\/strong> \ud83d\udcbc<\/p>\n<hr data-start=\"683\" data-end=\"686\" \/>\n<p data-start=\"688\" data-end=\"768\">\ud83d\udee1\ufe0f <strong data-start=\"692\" data-end=\"706\">Garantie :<\/strong><br data-start=\"706\" data-end=\"709\" \/>\u2705 12 mois sur l\u2019appareil<br data-start=\"733\" data-end=\"736\" \/>\u2705 <strong data-start=\"738\" data-end=\"763\">5 ans sur l\u2019afficheur<\/strong> \ud83d\udd25<\/p>\n<hr data-start=\"770\" data-end=\"773\" \/>\n<p data-start=\"775\" data-end=\"932\">\ud83c\udde9\ud83c\uddff Produit Alg\u00e9rien \u2013 Qualit\u00e9 Premium<br data-start=\"814\" data-end=\"817\" \/>\ud83d\udcbb Puissant, \u00e9l\u00e9gant et durable<\/p>\n","protected":false},"featured_media":1951,"template":"","meta":[],"product_brand":[],"product_cat":[24],"product_tag":[],"class_list":{"0":"post-1838","1":"product","2":"type-product","3":"status-publish","4":"has-post-thumbnail","6":"product_cat-pc-portable","8":"first","9":"instock","10":"sale","11":"shipping-taxable","12":"purchasable","13":"product-type-simple"},"_links":{"self":[{"href":"https:\/\/ayooinformatique.com\/index.php\/wp-json\/wp\/v2\/product\/1838","targetHints":{"allow":["GET"]}}],"collection":[{"href":"https:\/\/ayooinformatique.com\/index.php\/wp-json\/wp\/v2\/product"}],"about":[{"href":"https:\/\/ayooinformatique.com\/index.php\/wp-json\/wp\/v2\/types\/product"}],"wp:featuredmedia":[{"embeddable":true,"href":"https:\/\/ayooinformatique.com\/index.php\/wp-json\/wp\/v2\/media\/1951"}],"wp:attachment":[{"href":"https:\/\/ayooinformatique.com\/index.php\/wp-json\/wp\/v2\/media?parent=1838"}],"wp:term":[{"taxonomy":"product_brand","embeddable":true,"href":"https:\/\/ayooinformatique.com\/index.php\/wp-json\/wp\/v2\/product_brand?post=1838"},{"taxonomy":"product_cat","embeddable":true,"href":"https:\/\/ayooinformatique.com\/index.php\/wp-json\/wp\/v2\/product_cat?post=1838"},{"taxonomy":"product_tag","embeddable":true,"href":"https:\/\/ayooinformatique.com\/index.php\/wp-json\/wp\/v2\/product_tag?post=1838"}],"curies":[{"name":"wp","href":"https:\/\/api.w.org\/{rel}","templated":true}]}}